 i - 4. Let l(c) = -3*c**2 + 3*c - 11. Let j(n) = 6*l(n) - 17*r(n). Let o be 1/(5/80) - -2. Let p = 20 - o. Give j(p).
0
Let p(v) = v - 5 - 2*v + 3*v. Suppose -45*g = -50*g + 35. Determine p(g).
9
Let j be (234/130)/((-3)/(-10)). Let a(t) = j - 15*t + 3*t**2 + 2 + 23*t - 2*t**2. Determine a(-7).
1
Let m = -2 + 3. Let j(i) be the second derivative of 0*i**3 + 0 - 3*i - 1/2*i**2 + 1/20*i**5 + 0*i**4. Determine j(m).
0
Let n(g) = g**2 + 1. Suppose -3*v - 20 = -w, 4*w + 4*v = 5*w - 25. Let p(m) = -4*m**2 + 5*m - 4. Let y(a) = w*n(a) + p(a). What is y(-5)?
1
Let d(i) = 1 + 3*i**2 + 0*i**3 - 2*i + i**3 + 3*i - 5*i. Let a = -19 - -15. What is d(a)?
1
Let q(o) = -o**3 - 4*o**2 - 3*o. Let v = 3 + -1. Suppose -4 = 2*w + v. Determine q(w).
0
Let f(z) = -z**2 + 0*z - z**2 - 5*z + 7. Let i(g) be the third derivative of g**5/60 + g**4/8 - 2*g**3/3 + 30*g**2. Let j(a) = 3*f(a) + 5*i(a). Determine j(-2).
-3
Suppose -5*o + i + 9 = -1, -35 = -5*o - 4*i. Let s be 20/(-30)*o/1. Let z(v) = 4*v + 1. Let p(j) = 3*j. Let t(q) = -3*p(q) + 2*z(q). Determine t(s).
4
Let p(f) = -10*f - 1. Suppose 5*w = -5*k + 20, -24 = -k - w - 4*w. What is p(k)?
9
Let m(i) = -i + 3. Suppose 2*s = -2 + 18. Calculate m(s).
-5
Let n(d) = -12*d**3 - d. Let j(l) = 4*l + 38. Let a be j(-9). Suppose 0 = -a*y - 2, 0*f = f - 2*y - 3. Give n(f).
-13
Let t(s) = -4*s - 6 - 1 - 6*s + s**2. Suppose -3*r + 3*d + 15 = 0, -49 = 67*r - 72*r - 3*d. What is t(r)?
-23
Let x be (-6 - -1)*6/(-5). Suppose -17 = -8*z + 31. Let n(d) = -3 + z*d - 11*d + 6*d - 9. Determine n(x).
-6
Let g(n) = 3*n**3 + 2*n**2 + n + 1. Let y = 2 + -5. Let c(u) = -17*u. Let r be c(y). Let o be (r/34)/((-3)/4). Calculate g(o).
-17
Suppose 3*w = -3*v - 2*w + 33, -w + 21 = 3*v. Let m(u) = 4*u + u**3 - 10*u - 5*u**2 - 1 - 1. What is m(v)?
-2
Let n(w) = 3*w**2 + 8*w**3 - 3*w**2. Let p(z) = z**2 + 23*z - 49. Let r be p(-25). What is n(r)?
8
Let v(a) be the first derivative of 3*a**3 + a**2/2 - a + 148. Let i(d) = d**2 - 3*d. Let f be i(3). Suppose f = -2*t + 3*t - 1. Determine v(t).
9
Let w(p) = -p**2 - 7*p - 6. Let u be w(-5). Let q(j) = -j**2 + 23*j - 5. Let f be q(22). Let x(h) = -31*h + f*h + 15*h. Give x(u).
4
Let v(q) = 3*q - 5. Suppose 8 = 17*k - 111. Determine v(k).
16
Let s(h) = 6*h + 4 - 7 - 11*h + 13 + 4. Give s(7).
-21
Let s(u) = -u**3 + 54*u**2 + 59*u - 223. Let w be s(55). Suppose 2*i - 4*t = 0, 2*i + i + 5*t = 22. Let b(z) = -3*z - z - i + 3*z. What is b(w)?
-1
Let s(o) = -3*o**2 + 4*o + 6. Let a(y) = -7*y**2 + 8*y + 12. Let n be ((-88)/(-77))/(6/21). Let v(p) = n*a(p) - 9*s(p). What is v(-4)?
-6
Let y(n) = 4*n**3 + n**2 - 2*n - 2. Suppose 142*c - 140*c + 4 = 0. Calculate y(c).
-26
Suppose 0 = 2*v + 8, 3*y + 3*v + 88 = -y. Let c be (y/(-4) - 4)*-4. Let x(z) = 4*z - 3. Let p(l) = 11*l - 8. Let r(s) = -6*p(s) + 17*x(s). Give r(c).
-9
Let p(t) = 4*t + t - 4*t + 2 + 0*t. Let s = -26 - -28. Suppose -4 - 8 = s*u - 2*q, 2*u + 4*q = 0. Give p(u).
-2
Let x(j) = 11*j - 31. Let h(c) = -5*c + 16. Let p(i) = -9*h(i) - 4*x(i). Let r be p(14). Let q(v) = v**3 + 5*v**2 - 3*v - 8. What is q(r)?
-26
Let n be 80/18 - ((-855)/81 + 11). Let b(y) = -y**2 + 9*y - 4. Calculate b(n).
16
Let t(x) = -x + 4. Let j = 5 - 3. Suppose -2*a = f, 0 = j*f - 4*f + 8. Let l be 6 + -3 - (1 + a). Calculate t(l).
0
Let q(w) = w - 5. Let m be q(10). Let l(a) = -a**3 + 8*a**2 + 8*a + 11. Let i be l(-5). Let x(o) = o**3 - i + 296 - 5*o**2. Determine x(m).
0
Let a(b) = 2*b. Let s(l) = 3*l - 4. Let t(u) = u - 1. Let q(d) = s(d) - 4*t(d). Let k(c) = a(c) + 3*q(c). What is k(9)?
-9
Let v(a) = -a**3 - 46*a**2 - 18 + a + 114*a**2 - 55*a**2. Calculate v(13).
-5
Let h(x) = -7*x**2 + 2*x - 13. Let t(j) = -2*j**2 - j - 4. Let d(o) = -h(o) + 3*t(o). Let b be (-9)/(2/(8/(-6))). Give d(b).
7
Let k(m) be the first derivative of 0*m**2 - 1/24*m**4 - 1/40*m**5 - 3 - 5/3*m**3 + 0*m. Let b(p) be the third derivative of k(p). Determine b(-3).
8
Let w(h) = -4*h**2 - 4*h - 3. Suppose 3*u + x + 29 = -2*u, 5*u - 2*x + 32 = 0. Let d(t) = -5*t**2 - 4*t - 3. Let b(r) = u*w(r) + 5*d(r). Calculate b(4).
3
Suppose 8 = p + 3*o, 0 = 5*p + o + 5 - 17. Let f(a) = 13 - 14 + a + 0*a**2 - 2*a**p. Let u be (-4)/4*(1 + -2). Calculate f(u).
-2
Let k(a) = 13*a**2 - a - 11. Let b(q) = -3*q**2 + 1. Let f(h) = -4*b(h) - k(h). Give f(0).
7
Let c(q) be the second derivative of -7*q**5/20 - q**3/3 + q**2/2 + 142*q. Give c(1).
-8
Let i(a) = -9 - 5 + a - 2*a**2 + 1 + 12. Give i(-4).
-37
Let o be 4/5 + (-234)/60*2. Let w(h) = 7*h + 2. Determine w(o).
-47
Let u = 28 - 26. Let r(b) be the second derivative of -1/12*b**4 - u*b - b**2 - 1/6*b**3 + 0. Give r(0).
-2
Let u(o) = 15*o + 26. Let n be 6/((-12)/2) - 2 - -1. Give u(n).
-4
Let q(p) = -p**3 + 3*p**2 - p - 1. Let z be -32 - 1/3*3. Let l = z + 46. Suppose -4*u + 18 = 2*x, 3*x + 5*u - l = 11. Determine q(x).
-4
Suppose 2*r = w + 7*r - 11, 2*r - 59 = -3*w. Let f(c) = -c**3 + 20*c**2 + 21*c - 3. Let a be f(w). Let t(m) = -m**3 - 4*m**2 - 2*m + 3. What is t(a)?
0
Let n(c) be the first derivative of -c**2/2 - 4*c + 164. Determine n(13).
-17
Let w = 24 + -26. Let d(a) = 19*a**2 + 3*a - 7. Let o(v) = -6*v**2 - v + 2. Let j(m) = w*d(m) - 7*o(m). Determine j(-1).
3
Suppose -5*m - 4*g + 3*g + 8 = 0, -3*g + 9 = 0. Let o(y) = -5 - m - y**2 - 765*y + 759*y. What is o(-6)?
-6
Let t(p) = 7*p**3 - 7*p**2 + 3*p - 10. Let h(u) = -8*u**3 + 7*u**2 - 3*u + 13. Let x(m) = 8*h(m) + 9*t(m). Calculate x(-7).
-7
Let q(g) be the second derivative of 5/2*g**2 + 0 - 1/2*g**4 - 16*g + 1/20*g**5 + 1/2*g**3. Suppose 0 = 2*b - 0*b - 10. What is q(b)?
-5
Let s(n) = -4 - 5*n - 3*n**2 + 2 + 5*n**2. Suppose -46*z + 122 + 62 = 0. Determine s(z).
10
Let b(f) be the second derivative of 2*f**3/3 + f**2/2 + 7*f. Let m be ((-2)/12)/(1 - 14/12). Give b(m).
5
Let g be (-2 + 4)/((-2)/6). Let c(f) be the first derivative of f**3/3 + 5*f**2/2 + 3*f - 85. Calculate c(g).
9
Let z(b) = b**2 + 16*b - 13. Let j = 148 + -165. Calculate z(j).
4
Let j(s) = -s**3 + 7*s**2 + s - 9. Suppose 0 = 2*a + p - 15 + 1, p = 5*a - 21. Suppose 0 = -2*r + 3*b + 26, -2*r - 3*b - a = -r. Determine j(r).
-2
Suppose -5*v = -21 + 1. Suppose -v*h - 20 = h. Let r(m) = m**3 + 6*m**2 + 2*m + 4*m - 5 + 6. Calculate r(h).
9
Let n = -55 - -54. Let v(b) = 16*b**2. Give v(n).
16
Let v(o) = 2*o**2 + 3*o - 148. Let n be v(8). Let l(u) = -u**2 + 5*u - 11. Calculate l(n).
-7
Let b(j) = j**2 - 13*j + 14. Suppose -16*m + 66 = -10*m. Let v be b(m). Let h(l) = l**2 + 8*l - 2. Give h(v).
-2
Let k be (-2 + 4)/(22/(-55)). Let r(m) = 3*m**3 + 5*m**2 + 2*m + 2. Let j(u) = -16*u**3 - 25*u**2 - 11*u - 10. Let z(v) = -2*j(v) - 11*r(v). Determine z(k).
-2
Let n(q) = 4*q + 1. Let x(p) = -4*p**2 - 9*p - 14. Let s(j) = j**2 + 1. Let o(h) = 3*s(h) + x(h). Let f be o(-7). Give n(f).
13
Let z(p) = p**2 + 3*p + 1. Suppose -18 + 7 = 3*x - 4*s, 3*x + 4*s - 29 = 0. Determine z(x).
19
Let j be (-3)/(-12)*1 + 86/8. Let b(k) = 3*k - j + 9 + k**2 - 2*k**2 - 2*k**2. Calculate b(2).
-8
Let n(l) = l + 18. Let k(b) = b + 7. Let a(o) = 6*k(o) - 3*n(o). Calculate a(11).
21
Let j(p) = 3*p**2 + 5*p + 4. Let a be j(-1). Let b(h) = 4*h**3 + h**2 - 2*h. Determine b(a).
32
Let o(c) = -c**3 - c**2 - c + 3. Let l(b) = 12*b**2 + b. Let u be l(1). Suppose 6*t = 2*t + 52. Let x = t - u. Determine o(x).
3
Suppose 5*r - 4*r = 3. Let c(p) = -2 + 3 - p**r - 3 - 2*p. Determine c(-2).
10
Let k(r) be the second derivative of 5/2*r**2 - 26*r + 0 + 2/3*r**3 + 1/12*r**4. What is k(-5)?
10
Let b(u) be the third derivative of -u**4/24 - 2*u**3 - 9*u**2. Let g be b(-8). Let r(k) be the second derivative of -k**3/6 - k**2/2 + 2*k. What is r(g)?
3
Let o(r) = -r**2 - 4*r + 4. Let h = 4 - -1. Suppose -h*f = -f - 116. Let s = f - 35. Calculate o(s).
-8
Let v(m) = 11*m**2 - 2*m - 2. Suppose -2*x - 4*s = 0, -2*x + 17*s + 8 = 13*s. Determine v(x).
38
Let d(k) = -1 + 8*k + 10 - 12. Let q(t) = -8*t + 2. Let m(b) = 5*d(b) + 6*q(b). Give m(-2).
13
Let n(f) = f**3 - 2*f**2 - 3*f + 3. Let k = 329 - 327. Calculate n(k).
-3
Let k(w) = w**3 + w**2. Let g be k(1). Let z(l) = -9*l + 15*l - 1 - 2*l - 6*l + 0*l. Give z(g).
-5
Let v(l) = -l - 4. Let w be 6/21*-1*7 - -2. What is v(w)?
-4
Let d(n) = -n + 1. Let q(m) = 4. Let p(y) = 2*d(y) - q(y). Give p(5).
-12
Let a(v) = -v. Let g(t) = -t**3 + 8*t**2 + 8*t + 7. Let c be g(9